 3*x - 0*x + 1. Suppose -z*m = -0*m + 15. What are the prime factors of 9*(0 + (-1)/m)?
3
Suppose 0 = 5*j - 613 + 2213. List the prime factors of (-12)/10*j/24.
2
Let s(t) = 85*t**2 - t + 2. What are the prime factors of s(1)?
2, 43
Let n = 4 + -2. Let t = -20 - -24. What are the prime factors of (t - n) + (7 - -2)?
11
Let b(r) = r + 44. List the prime factors of b(0).
2, 11
Let t be 1/(1*3/27). List the prime factors of t + 0 + 0 + 1.
2, 5
Let g(c) = c**2 - 7*c + 4. Let b be g(8). Suppose -2*j - 2*j = -b. Suppose 2*r - 14 = -2*n, -5*r + 0*r + j*n + 59 = 0. List the prime factors of r.
2, 5
Let s(u) = -u + 8. Let i be s(0). Let w(k) be the third derivative of k**4/12 - 2*k**3/3 - 2*k**2. List the prime factors of w(i).
2, 3
List the prime factors of ((4 - 1) + -1)/(1/117).
2, 3, 13
Let t(i) = 2*i**2 + 6*i + 6. List the prime factors of t(6).
2, 3, 19
Suppose 0 = 5*m - 4*j - 41, 2*m + 10*j = 5*j - 10. Suppose 2*o = -0*o - 2. Let u = o + m. List the prime factors of u.
2
Let r = 15 - 11. Suppose -4*w + 3*c + 6 = 0, 1 = -3*w + 6*w - r*c. Suppose -w*g - p = -4*g + 9, -3*g = 4*p + 8. List the prime factors of g.
2
Let q(m) = -m**2 + 15*m + 18. Let d(s) = 5*s**2 - 61*s - 73. Let p(z) = -2*d(z) - 9*q(z). Let w be p(-11). Suppose w = 3*t - 6. What are the prime factors of t?
2
Suppose -55 = -3*c - 1. Suppose 0 = -y - 10 + c. What are the prime factors of y?
2
List the prime factors of (-5 - -1)*1/(-1).
2
Suppose -4 = -i - 3*i. Suppose h = i + 4. What are the prime factors of h?
5
Let u(p) = 4*p + 19. What are the prime factors of u(4)?
5, 7
Suppose b + 0 = -4*d - 1, 0 = -b - 5. Suppose 0 = 2*v + 3*v - 25. Let x = v - d. What are the prime factors of x?
2
Suppose -6*u + 3*u + 519 = 0. What are the prime factors of u?
173
Let f = -102 - -200. What are the prime factors of f?
2, 7
Let r = -7 - -11. Suppose 4*s = 5*f - r - 3, 4*s + f = 11. Suppose s*q + q = 48. What are the prime factors of q?
2
Suppose -44 - 24 = -4*k. What are the prime factors of k?
17
Suppose 3*c - 18 = -4*s, 0 = 3*c + 1 - 7. Suppose -m + 48 = s*m. List the prime factors of m.
2, 3
Let p(u) = 43*u - 13. What are the prime factors of p(3)?
2, 29
Let x = 0 + 5. Suppose 3*o + c - 29 = 0, -5*o - 8 = x*c - 53. List the prime factors of o.
2, 5
Suppose -3*l - o + 128 = 0, -l + 3*l + 4*o - 92 = 0. Suppose k + k - l = 0. What are the prime factors of k?
3, 7
Let q = 103 - 45. Suppose 6 - q = -4*f. List the prime factors of f.
13
Suppose l - 10 + 1 = 0. What are the prime factors of l?
3
Suppose 2*k - 2 = 2. Suppose f = -4*f - 4*z - 5, -3*f + z = -14. Suppose 2*a = -f*h + 14, 0*a = k*a - 2*h - 14. What are the prime factors of a?
7
Let s = -17 + 9. Let a = 21 + s. What are the prime factors of a?
13
Let y be 3/(-4) + 6/8. Suppose 3*v = 4*p - 9, y = -p - 2*v + 10 - 5. Suppose 3*i = 39 + p. List the prime factors of i.
2, 7
Suppose 4*v - 3 = -11, -3*v - 28 = -c. What are the prime factors of c?
2, 11
Let p = 8 - 5. Suppose -17 = -p*r + 7. What are the prime factors of r?
2
Suppose 0 = 4*w - 2*w - 14. Suppose 2*x - w - 1 = 0. Suppose -10 = -x*q + 26. What are the prime factors of q?
3
Let n(x) = -x - 7. Let u be n(-12). Suppose -15 = u*s - 5. What are the prime factors of (27/s)/((-12)/16)?
2, 3
Let g(o) = 38*o + 1. Let t be g(1). Suppose 26 = -b - b - 2*i, -3*b - 5*i - t = 0. Let k = -1 - b. List the prime factors of k.
2, 3
Suppose -3*y + 31 = p, 3*y = p + 4*p - 101. What are the prime factors of p?
2, 11
Let o(z) = -2*z + 27. List the prime factors of o(9).
3
List the prime factors of 62/5 - 6/15.
2, 3
Let n = -34 + 48. Suppose 4*g = -2*q + q + 20, -g - 5*q - n = 0. What are the prime factors of 1 + 7 + g/(-3)?
2, 3
Let h(c) = -10*c - 11. Let b be 3/7 - (-228)/(-42). What are the prime factors of h(b)?
3, 13
Let i be (-128)/(-22) - (-8)/44. Suppose -4*u + 5 = -5*g - i, 0 = -2*g + 10. List the prime factors of u.
3
Let g(l) be the first derivative of l**3/3 - l**2/2 + 11*l + 2. List the prime factors of g(0).
11
Suppose -89 = -6*f + 5*f. What are the prime factors of f?
89
Let v = -162 - -288. What are the prime factors of v?
2, 3, 7
Let q(d) = 4 - 5 + 2*d + 4*d**2 - d**2. Let j be q(1). Suppose -11 = -j*w + 1. List the prime factors of w.
3
Let n(s) = -s**2 - 5*s + 4. Let x be n(-6). Let c be (-6)/x - 0/(-3). Suppose -c*a = -2*a - 8. What are the prime factors of a?
2
Suppose -39*b - 216 = -42*b. What are the prime factors of b?
2, 3
Let f = -15 + 36. Suppose 2*j = -j + f. What are the prime factors of j?
7
List the prime factors of 47/3 + (-4)/(-12).
2
Suppose 4*j = j + 12. Suppose -4*s + 21 = -s. Let a = s - j. What are the prime factors of a?
3
Let n = 10 + -6. Suppose -69 - 6 = -5*p - n*h, -4*h - 24 = -4*p. List the prime factors of p.
11
Let r = -8 - -32. What are the prime factors of r?
2, 3
Let r(q) be the second derivative of q**4/12 + 3*q**3/2 - q. Let d be r(-7). Let c = -4 - d. What are the prime factors of c?
2, 5
List the prime factors of ((-2)/(-5))/(1/95).
2, 19
Let l be 185/15*(2 - 5). Let x = -8 - l. List the prime factors of x.
29
Let i(l) = -2*l + 4 - 8 + 5*l. Let b = 4 - -1. List the prime factors of i(b).
11
Let l = 57 - 34. Suppose -15 = 2*t - 5*v - 6, 2*t = -5*v - 39. Let d = t + l. What are the prime factors of d?
11
Let h(d) = d**2 - 37. List the prime factors of h(-10).
3, 7
Let q(c) = -c**3 + c**2 + 4*c - 4. Let h be q(3). Let j = h + 14. What are the prime factors of j?
2
Suppose n + 2*n - 42 = 0. Suppose 41 = -4*x + f - n, -10 = 2*f. What are the prime factors of 228/15 + 3/x?
3, 5
Suppose 0*q + 219 = 5*a - q, q - 89 = -2*a. What are the prime factors of a?
2, 11
Let s(c) = -3*c - 13. List the prime factors of s(-19).
2, 11
Let s = -1 - -3. Let i = -12 + s. List the prime factors of (-3*8)/(15/i).
2
Let a = 33 - 29. What are the prime factors of a?
2
Suppose -2*g + 10 = 3*g. Suppose -2*x - 20 - 66 = -5*t, -4*t + g*x = -70. What are the prime factors of t?
2
Let l(a) = 3*a**2 - 20*a. Let s be l(8). Suppose -28*v - 160 = -s*v. List the prime factors of v.
2, 5
Let b(j) = -2*j - 6. Let v be b(-3). Suppose v*w = 4*w - 148. What are the prime factors of w?
37
Suppose 0 = -0*p - p + 5. Suppose p*j + 2 = 4*f + 3*j, 4*f + 5*j = 23. What are the prime factors of 14*(-2 - (-5)/f)?
7
Let w(t) = 1 + 0 + 6*t + 0 + 16*t. List the prime factors of w(1).
23
Let z(c) = 2*c - 8. Let x be z(6). Let i = 6 - x. Suppose -3*v - i*o + 40 - 5 = 0, -v + 12 = o. What are the prime factors of v?
11
Let x = -2 - -2. Suppose x = -a - a. Suppose -o = -a*o - 9. What are the prime factors of o?
3
Suppose 3 = -h + 6. Let l be h/2*24/9. Suppose 2*s - 5*m + 4 = -l, -5*s - 5*m = -50. List the prime factors of s.
2, 3
Suppose m = -5*k + k - 3, 4*m + k = -12. Let l = 12 + m. Suppose -j - 1 + l = 0. List the prime factors of j.
2
Let o = -248 + 469. What are the prime factors of o?
13, 17
Let x(f) = f**3 - 4*f**2 - 4*f + 4. Let m be (-2)/1 - 2*-1. Suppose -5*a + 13 = 4*d - 4, m = -d - 2. What are the prime factors of x(a)?
3
Suppose -3*p = -8*p - 25. Let q = -6 - -17. Let r = p + q. What are the prime factors of r?
2, 3
Let h(z) = -14*z. Suppose -3*l - 2 = 1. What are the prime factors of h(l)?
2, 7
Let s(d) be the first derivative of -d**4/4 - 4*d**3/3 - d**2 + d + 6. What are the prime factors of s(-4)?
3
Suppose -r - 26 = -4*f, 3*r - 7*r - f - 19 = 0. Let m(n) = -n - 6. Let g be m(r). Suppose 2*j = -g*j + 20. List the prime factors of j.
2, 5
Let k = 42 - 65. Let h = 40 + k. Let p = h - 8. List the prime factors of p.
3
Suppose -5*j + 0*j + 5*b + 25 = 0, 2*b + 28 = 4*j. What are the prime factors of j?
3
Let h = 34 - 18. Let m = 31 - 5. Let v = m - h. What are the prime factors of v?
2, 5
Suppose 2 = -0*t - t, -3*n + 2*t = -325. List the prime factors of n.
107
Let q(x) = -9*x - 3. Let o(l) = l**2 - 8*l + 4. Let z be o(7). What are the prime factors of q(z)?
2, 3
Let n = -6 + 12. List the prime factors of (-126)/15*(-15)/n.
3, 7
Suppose -4*a + 2 = -3*a. Suppose 9 = t + a*t. Suppose t*u - 41 - 13 = 0. What are the prime factors of u?
2, 3
Let a be 52/14 - 6/(-21). Suppose -h - h + a = 0. List the prime factors of h.
2
Suppose -5*i + 20 = 0, -417 = -3*a - i + 4*i. What are the prime factors of a?
11, 13
Suppose 2*a - 18 = 5*a. Let n(v) = v**2 + 7*v + 1. Let c be n(a). Let z = c - -16. List the prim